) - 0)*3. Let u(a) = -a**3 - 11*a**2 - 20*a - 12. Let y be u(w). Suppose 0 = -4*z + y*z - 138. Is z composite?
True
Suppose -157 = 4*c + m - 2, 5*c + 199 = -3*m. Is (-241)/((-1 - 3) + c/(-10)) a composite number?
True
Let w(i) = -i**3 - 4*i**2 - 3*i - 7. Let u be w(-4). Let c(r) be the third derivative of 17*r**4/6 - 7*r**3/2 - 4*r**2 + 1. Is c(u) a composite number?
True
Let x(b) = 2732*b**2 - 115*b + 871. Is x(8) a composite number?
False
Is (-3)/(-6) - ((-1287831)/24)/((-4)/(-16)) a composite number?
False
Let n = 2901 + 6826. Is n composite?
True
Let q = 874 + -85. Suppose -k + 4*i = -q - 916, -4*k + 6832 = -4*i. Is k prime?
True
Suppose -160 = 164*u - 174*u. Suppose -6*i + u*i = 40490. Is i composite?
False
Let w = -172 - -228. Suppose -44*q + w*q = 10716. Is q a composite number?
True
Suppose -4*b = 5*t - 79387, -4105*b - 8 = -4106*b. Is t composite?
True
Let v be (275 + 2)*3*1. Let t(n) = -131*n + 134. Let r be t(2). Let u = v - r. Is u composite?
True
Suppose -485 = 7*d - 394. Let h(b) = 4*b**3 + 15*b**2 + 3*b - 10. Let i(n) = -5*n**3 - 16*n**2 - 3*n + 9. Let t(o) = -4*h(o) - 3*i(o). Is t(d) composite?
True
Suppose 11*h + 3*w + 2686 = 15*h, -5*w - 2020 = -3*h. Let g = h - -811. Is g a prime number?
True
Suppose 0 = 3*o - 2*g - 711945, -13*g + 17*g = 4*o - 949268. Is o prime?
False
Let z(y) = -2072*y - 2. Let u be z(-2). Let f be ((-22)/(-8))/((-6)/5688). Let a = u + f. Is a a prime number?
False
Let r(n) = -504*n + 35. Let v be r(3). Let h = 4910 + v. Is h composite?
False
Suppose -48 + 16 = -4*r. Suppose -r*u - 10 = -6*u. Is (3801/15 - 4) + 2/u composite?
True
Let c(d) be the second derivative of -d**5/20 - d**4/2 + d**3/6 + d**2 - 12*d. Let h be c(-6). Is (-8 - -4)*226/h prime?
False
Let h(k) = -k**2 - k + 1. Let c(t) = 7*t**2 - 3*t - 1. Let p(u) = 8*u**2 - 2*u - 2. Let z(n) = -6*c(n) + 5*p(n). Let l(w) = -4*h(w) + z(w). Is l(-9) prime?
False
Suppose 2*p + r - 49 = -42, 3*p - 3*r - 6 = 0. Suppose -z = -5*z - 3*k + 42565, -p*k - 53186 = -5*z. Is z a prime number?
True
Let t = 122 + -121. Let r(g) be the third derivative of 1361*g**6/120 + g**5/30 + 40*g**2. Is r(t) prime?
False
Suppose -99442 - 1243507 = -17*s. Is s composite?
True
Let s be 530/(-1)*(-8)/10. Let x be (-3)/(-3) - 548*-2. Let t = x - s. Is t prime?
True
Suppose -3*u + 1 + 8 = 0. Suppose u*y + 2*h - 1635 = 11346, 0 = 3*y - 3*h - 12981. Is y prime?
True
Suppose 0 = -367*u + 12069889 + 27111765. Is u composite?
True
Let u = 141475 - -888298. Is u composite?
True
Let h(a) = 2*a - 21. Suppose -3*j - 33 = -6*j. Let q be h(j). Is 4*(-691)/(-2)*q composite?
True
Let x(m) = m**2 - 32*m + 12. Let v be x(32). Is (v - 1705)*(-5)/(15/6) a composite number?
True
Suppose -20*g = -6716731 + 271431. Is g composite?
True
Let b = -32 - -35. Suppose -b*v + 0*v = -5541. Suppose -2*y = -4*p - 1662, 4*p + v = 3*y - 636. Is y a composite number?
False
Let k(y) = -2*y**3 + 9*y**2 + 171*y - 203. Is k(-65) composite?
False
Is (-8)/(-84) + (-787723069)/(-1029) prime?
False
Let i(j) = 68*j - 319*j - 51 + 11. Is i(-11) prime?
False
Suppose -p - 2558707 - 2417083 = -11*p. Is p composite?
False
Let u = 10443 + 1018. Is u composite?
True
Let w = 614945 - -629736. Is w prime?
False
Let z be (-16)/2*168813/36. Let i = -25737 - z. Is i a composite number?
False
Let p be (2 - 3) + 3 + -7 + 5. Is 65182 + p + 14/((-224)/80) composite?
True
Suppose 4*o = 2*u + 423139 - 98191, 4*u = 16. Is o prime?
True
Suppose -168895 - 486481 = -z + 3*b, -5*z + 3276980 = 5*b. Is z a composite number?
True
Let k(d) be the first derivative of d**4/4 - 2*d**3/3 - 5*d**2/2 - 7*d - 2. Let z be k(4). Suppose 0 = z*s + 17 - 327. Is s a composite number?
True
Suppose -4*y - 4*i + 236 = 0, -3*y + 5*i = -y - 153. Let o = 76 - y. Is (-1244)/o*(3 + 12*-2) a composite number?
True
Let w = 26685 - 11072. Is w prime?
False
Let s(i) = -39178*i + 9475. Is s(-9) composite?
True
Let a(b) = -49*b - 79. Let p(z) = -51*z - 77. Let v(i) = -5*a(i) + 6*p(i). Is v(-36) composite?
False
Suppose x - 1121838 = -5*u, -2*u - 71*x + 448703 = -66*x. Is u a prime number?
False
Let f(g) = 46020*g**2 + 283*g - 41. Is f(4) a prime number?
True
Is 1*(77/(-154)*(-20)/(-2) + 1342824) a prime number?
False
Let a(z) = z**3 + 2*z**2 + 13. Let o be a(-3). Suppose -5*v + 3*w + 1610 = 0, v - o*v - 3*w = -942. Is v a composite number?
True
Let c = 37791 - 14920. Is c composite?
False
Let t(v) = 56697*v**3 - 6*v**2 + 4*v + 2. Is t(1) composite?
True
Let d(b) = 4*b**3 - 36*b**2 + 37*b + 481. Is d(30) prime?
True
Suppose -3025858 + 16327228 = 90*w. Is w prime?
True
Let z = 120745 - -232858. Is z a composite number?
False
Let g be (-8 - 12)/(1 - 0). Let k = 20 + g. Is k + (87 - 0/1) a prime number?
False
Let q(v) = -100*v + 5. Let p(z) = 199*z - 9. Let i(o) = -4*p(o) - 7*q(o). Let b be i(-1). Let m = 594 + b. Is m prime?
True
Suppose n - 3*l - 538 = 0, -5*n + 104*l + 2625 = 102*l. Suppose 2*p = 3*p + 258. Let x = n + p. Is x a composite number?
True
Suppose 67718 = 5*m - 4*i, 12*i - 10*i - 54190 = -4*m. Suppose 0 = 21*b + 5*b - m. Is b prime?
True
Let z be (10/(-35))/(8/(-14))*6. Let w(a) = 78*a + 5. Is w(z) composite?
False
Suppose -q = 4*a, 0*a + 3*a = -q. Is 2/(-16) - (q + (-10212)/32) a composite number?
True
Let r = 13016 + -45276. Is -1*(21/(-35) + r/25) composite?
False
Let u(l) = 2*l + 5*l + 11 - 7 - 73. Let t be u(24). Suppose -t*r = -94*r - 895. Is r composite?
False
Suppose 0 = 5*v - q + 74176 - 663548, -v + 117881 = 2*q. Suppose 4*l = v + 108593. Is l a prime number?
False
Let k be -13 + 7 + 6 + 4786. Suppose 2*l - 1920 = -4*m + k, -5*l + 16695 = -4*m. Is l prime?
True
Suppose -q = 5*j - 27, 4*q - 14 = -2*j + 4. Let x be (-31486 + -7)*(-40)/56. Suppose x = -0*z + j*z. Is z a prime number?
False
Let h(l) = 2*l - 5. Let z be -1*-6*1/(1 + 1). Let u be h(z). Is 88 - 3/((-3)/u) a prime number?
True
Suppose 0 = 3*q + 4*l - 38, -l - 15 - 3 = -2*q. Suppose 0 = 4*u + q*u - 116998. Is u prime?
False
Suppose 949 = -d - 956. Let l = d - -4316. Is l a composite number?
False
Suppose 217*h + 888 = 215*h. Let w = 817 + h. Is w a prime number?
True
Suppose 3*z - 19 + 10 = 0. Suppose 386 = 3*m - m - z*i, 406 = 2*m + 2*i. Is m a prime number?
True
Suppose 5*v = b - 3*b - 28, 3*v - 5*b = -23. Is (-4701)/(-6)*(4/(-1) - v) prime?
True
Suppose -5988215 = -34*k - 752589. Is k a composite number?
True
Let c(v) = -35*v - 51. Let t be -4 + (-6)/12*-16. Suppose t*n + 236 = 160. Is c(n) a prime number?
False
Let b = 199 + -193. Suppose -9086 = -b*z - 16*z. Is z a prime number?
False
Is (-6)/(-21) - (18 - (-5332743)/(-63)) a composite number?
False
Suppose 2*z = -2*t, 15 = -t - 0*z - 4*z. Suppose t*p - 6*n = -n + 95, n = 0. Suppose 0 = -13*f + p*f - 9582. Is f composite?
False
Suppose 9*y = 56 + 610. Suppose 80*w = y*w - 36. Is 5*(185 + w + (-4)/(-2)) a prime number?
False
Let p(b) = 99*b + 622 + 686 - 96*b. Let k be p(0). Let j = k + -421. Is j prime?
True
Is ((-1)/3)/(133/(-96873609)) composite?
True
Let t(i) = -80*i - 407. Let l(f) = 240*f + 1220. Let y(b) = 2*l(b) + 7*t(b). Is y(-13) a prime number?
True
Let m(g) = 3*g**2 - 131*g - 613. Is m(65) a composite number?
False
Suppose -92 = -2*h + 710. Let a(q) = q - 2. Let c be a(7). Suppose -c*k + h = -4374. Is k a composite number?
True
Let f = -576 - -566. Let z(s) = 0*s**2 - 4 + 7*s + 27 + 11*s**2 - s**3. Is z(f) a composite number?
False
Let z(o) be the third derivative of o**6/45 - o**5/8 + o**4/8 + o**3 - 3*o**2. Let x(u) be the first derivative of z(u). Is x(14) a prime number?
True
Let d = 132015 - -89963. Is d a prime number?
False
Let i(k) = 30*k**3 + 5*k**2 + 4*k - 2. Let a(d) = -2*d**3 + d**2 + 1. Let f(s) = -2*a(s) + i(s). Suppose -3*v + 6 = -v. Is f(v) a prime number?
True
Is (-250913934)/(-126) - 60/(-105) a composite number?
True
Let i be (13 + -7)/((-3)/(-21)). Suppose 41841 = -i*o + 51*o. Is o a prime number?
True
Suppose 0 = 2*y + s - 168990 + 11999, -313985 = -4*y - s. Is y prime?
True
Let b(g) = 59*g**2 + 4*g - 6. Suppose 0 = -u + 4 - 1. Let h be b(u). Suppose -2*p - p = -h. Is p a composite number?
False
Let v(a) = -2*a + 34. Let q be v(14). Is (-18)/q*(-564)/18 a composite number?
True
Let d = -215 + 219. Is (1/d)/((-1)/(-484)) a composite number?
True
Let i(s) be the first derivative of -346*s**2 - 13*s - 188. Is